{"id":284,"date":"2019-06-09T09:36:13","date_gmt":"2019-06-09T07:36:13","guid":{"rendered":"http:\/\/savi.com.pl\/?page_id=284"},"modified":"2025-04-30T10:36:22","modified_gmt":"2025-04-30T08:36:22","slug":"kariera","status":"publish","type":"page","link":"https:\/\/savi.com.pl\/index.php\/kariera\/","title":{"rendered":"Kariera"},"content":{"rendered":"\t\t<div data-elementor-type=\"wp-post\" data-elementor-id=\"284\" class=\"elementor elementor-284\" data-elementor-post-type=\"page\">\n\t\t\t\t\t\t<section class=\"elementor-section elementor-top-section elementor-element elementor-element-f4a2267 elementor-section-boxed elementor-section-height-default elementor-section-height-default\" data-id=\"f4a2267\" data-element_type=\"section\">\n\t\t\t\t\t\t<div class=\"elementor-container elementor-column-gap-default\">\n\t\t\t\t\t<div class=\"elementor-column elementor-col-50 elementor-top-column elementor-element elementor-element-fb27fd2\" data-id=\"fb27fd2\" data-element_type=\"column\">\n\t\t\t<div class=\"elementor-widget-wrap elementor-element-populated\">\n\t\t\t\t\t\t<div class=\"elementor-element elementor-element-8860cdd elementor-widget elementor-widget-image\" data-id=\"8860cdd\" data-element_type=\"widget\" data-widget_type=\"image.default\">\n\t\t\t\t<div class=\"elementor-widget-container\">\n\t\t\t\t\t\t\t\t\t\t\t\t\t\t\t<img fetchpriority=\"high\" decoding=\"async\" width=\"640\" height=\"426\" src=\"https:\/\/savi.com.pl\/wp-content\/uploads\/marketing.jpg\" class=\"attachment-large size-large wp-image-1586\" alt=\"\" srcset=\"https:\/\/savi.com.pl\/wp-content\/uploads\/marketing.jpg 640w, https:\/\/savi.com.pl\/wp-content\/uploads\/marketing-600x399.jpg 600w, https:\/\/savi.com.pl\/wp-content\/uploads\/marketing-500x333.jpg 500w\" sizes=\"(max-width: 640px) 100vw, 640px\" \/>\t\t\t\t\t\t\t\t\t\t\t\t\t\t\t<\/div>\n\t\t\t\t<\/div>\n\t\t\t\t\t<\/div>\n\t\t<\/div>\n\t\t\t\t<div class=\"elementor-column elementor-col-50 elementor-top-column elementor-element elementor-element-9a5bdf3\" data-id=\"9a5bdf3\" data-element_type=\"column\">\n\t\t\t<div class=\"elementor-widget-wrap elementor-element-populated\">\n\t\t\t\t\t\t<div class=\"elementor-element elementor-element-b7867c9 elementor-widget elementor-widget-heading\" data-id=\"b7867c9\" data-element_type=\"widget\" data-widget_type=\"heading.default\">\n\t\t\t\t<div class=\"elementor-widget-container\">\n\t\t\t\t\t<h2 class=\"elementor-heading-title elementor-size-default\">Rozwijaj si\u0119 z SAVI GROUP<\/h2>\t\t\t\t<\/div>\n\t\t\t\t<\/div>\n\t\t\t\t<div class=\"elementor-element elementor-element-f52ab19 elementor-align-left elementor-icon-list--layout-traditional elementor-list-item-link-full_width elementor-widget elementor-widget-icon-list\" data-id=\"f52ab19\" data-element_type=\"widget\" data-widget_type=\"icon-list.default\">\n\t\t\t\t<div class=\"elementor-widget-container\">\n\t\t\t\t\t\t\t<ul class=\"elementor-icon-list-items\">\n\t\t\t\t\t\t\t<li class=\"elementor-icon-list-item\">\n\t\t\t\t\t\t\t\t\t\t\t<span class=\"elementor-icon-list-icon\">\n\t\t\t\t\t\t\t<i aria-hidden=\"true\" class=\"fas fa-check\"><\/i>\t\t\t\t\t\t<\/span>\n\t\t\t\t\t\t\t\t\t\t<span class=\"elementor-icon-list-text\">Pewna forma zatrudnienia<\/span>\n\t\t\t\t\t\t\t\t\t<\/li>\n\t\t\t\t\t\t\t\t<li class=\"elementor-icon-list-item\">\n\t\t\t\t\t\t\t\t\t\t\t<span class=\"elementor-icon-list-icon\">\n\t\t\t\t\t\t\t<i aria-hidden=\"true\" class=\"fas fa-thumbs-up\"><\/i>\t\t\t\t\t\t<\/span>\n\t\t\t\t\t\t\t\t\t\t<span class=\"elementor-icon-list-text\">Stabilne warunki<\/span>\n\t\t\t\t\t\t\t\t\t<\/li>\n\t\t\t\t\t\t\t\t<li class=\"elementor-icon-list-item\">\n\t\t\t\t\t\t\t\t\t\t\t<span class=\"elementor-icon-list-icon\">\n\t\t\t\t\t\t\t<i aria-hidden=\"true\" class=\"far fa-edit\"><\/i>\t\t\t\t\t\t<\/span>\n\t\t\t\t\t\t\t\t\t\t<span class=\"elementor-icon-list-text\">Mo\u017cliwo\u015b\u0107 rozwoju<\/span>\n\t\t\t\t\t\t\t\t\t<\/li>\n\t\t\t\t\t\t<\/ul>\n\t\t\t\t\t\t<\/div>\n\t\t\t\t<\/div>\n\t\t\t\t\t<\/div>\n\t\t<\/div>\n\t\t\t\t\t<\/div>\n\t\t<\/section>\n\t\t\t\t<section class=\"elementor-section elementor-top-section elementor-element elementor-element-c0a5edb elementor-section-boxed elementor-section-height-default elementor-section-height-default\" data-id=\"c0a5edb\" data-element_type=\"section\">\n\t\t\t\t\t\t<div class=\"elementor-container elementor-column-gap-default\">\n\t\t\t\t\t<div class=\"elementor-column elementor-col-100 elementor-top-column elementor-element elementor-element-45f4483\" data-id=\"45f4483\" data-element_type=\"column\">\n\t\t\t<div class=\"elementor-widget-wrap elementor-element-populated\">\n\t\t\t\t\t\t<div class=\"elementor-element elementor-element-48fd962 elementor-widget elementor-widget-menu-anchor\" data-id=\"48fd962\" data-element_type=\"widget\" data-widget_type=\"menu-anchor.default\">\n\t\t\t\t<div class=\"elementor-widget-container\">\n\t\t\t\t\t\t\t<div class=\"elementor-menu-anchor\" id=\"kariera\"><\/div>\n\t\t\t\t\t\t<\/div>\n\t\t\t\t<\/div>\n\t\t\t\t<div class=\"elementor-element elementor-element-031b43e elementor-widget__width-initial elementor-widget elementor-widget-text-editor\" data-id=\"031b43e\" data-element_type=\"widget\" data-widget_type=\"text-editor.default\">\n\t\t\t\t<div class=\"elementor-widget-container\">\n\t\t\t\t\t\t\t\t\t<p><b>Aktualnie szukamy kandydat\u00f3w na stanowisko:&nbsp;<\/b><b style=\"font-size: 1rem;\"><u>Kosztorysant w bran\u017cy budowlanej<\/u>.&nbsp;<\/b><\/p>\n<p><b style=\"font-size: 1rem;\">Aplikuj <\/b><span style=\"font-size: 1rem;\">na&nbsp;<\/span><a style=\"background-color: #ffffff; font-size: 1rem;\" href=\"https:\/\/www.pracuj.pl\/praca\/,oferta,1004056413\" target=\"_blank\" rel=\"noopener\">pracuj.pl<\/a><span style=\"font-size: 1rem;\">&nbsp;oraz s<\/span><span style=\"font-size: 1rem;\">prawd\u017a nasz<\/span><span style=\"font-size: 1rem; font-weight: bold;\">&nbsp;<\/span><a style=\"background-color: #ffffff; font-size: 1rem;\" href=\"https:\/\/pracodawcy.pracuj.pl\/profile\/savi,mzcjwf8,pl\" target=\"_blank\" rel=\"noopener\">profil pracodawcy<\/a><span style=\"font-size: 1rem; font-weight: bold;\">!<\/span><\/p>\n<p data-start=\"189\" data-end=\"479\">SAVI GROUP to zesp\u00f3\u0142 do\u015bwiadczonych specjalist\u00f3w realizuj\u0105cych ambitne projekty w sektorze budownictwa i in\u017cynierii. W strukturach naszych sp\u00f3\u0142ek funkcjonuj\u0105 stanowiska zwi\u0105zane z zarz\u0105dzaniem projektami, in\u017cynieri\u0105, kosztorysowaniem oraz obs\u0142ug\u0105 administracyjn\u0105.<\/p>\n<p data-start=\"481\" data-end=\"532\">W SAVI GROUP wyst\u0119puj\u0105 nast\u0119puj\u0105ce role zawodowe:<\/p>\n<ul data-start=\"533\" data-end=\"897\">\n<li data-start=\"533\" data-end=\"620\">\n<p data-start=\"535\" data-end=\"620\"><strong data-start=\"535\" data-end=\"564\">Zarz\u0105dzanie inwestycjami:<\/strong> Kierownik budowy, Kierownik rob\u00f3t, Kierownik projektu<\/p>\n<\/li>\n<li data-start=\"621\" data-end=\"693\">\n<p data-start=\"623\" data-end=\"693\"><strong data-start=\"623\" data-end=\"638\">In\u017cynieria:<\/strong> In\u017cynier bran\u017cy budowlanej, sanitarnej, elektrycznej<\/p>\n<\/li>\n<li data-start=\"694\" data-end=\"777\">\n<p data-start=\"696\" data-end=\"777\"><strong data-start=\"696\" data-end=\"716\">Kosztorysowanie:<\/strong> Kosztorysant w bran\u017cy budowlanej, sanitarnej, elektrycznej<\/p>\n<\/li>\n<li data-start=\"778\" data-end=\"897\">\n<p data-start=\"780\" data-end=\"897\"><strong data-start=\"780\" data-end=\"820\">Administracja i wsparcie operacyjne:<\/strong> Specjali\u015bci w dzia\u0142ach administracyjnym, ksi\u0119gowym oraz kontroli wewn\u0119trznej<\/p>\n<\/li>\n<\/ul>\n<p data-start=\"899\" data-end=\"1152\">Je\u015bli jeste\u015b zainteresowany prac\u0105 w naszej organizacji, zapraszamy do przes\u0142ania swojej aplikacji drog\u0105 mailow\u0105 lub do kontaktu telefonicznego. Z przyjemno\u015bci\u0105 zapoznamy si\u0119 z Twoim profilem zawodowym.<\/p>\n<p data-start=\"1154\" data-end=\"1242\">Nasze aktualne oferty pracy publikujemy na portalu <a href=\"https:\/\/www.pracuj.pl\" target=\"_new\" rel=\"noopener\" data-start=\"1207\" data-end=\"1241\">Pracuj.pl<\/a>.<\/p>\t\t\t\t\t\t\t\t<\/div>\n\t\t\t\t<\/div>\n\t\t\t\t\t<\/div>\n\t\t<\/div>\n\t\t\t\t\t<\/div>\n\t\t<\/section>\n\t\t\t\t<section class=\"elementor-section elementor-top-section elementor-element elementor-element-6160b408 elementor-section-stretched elementor-section-full_width elementor-section-height-default elementor-section-height-default\" data-id=\"6160b408\" data-element_type=\"section\" data-settings=\"{&quot;stretch_section&quot;:&quot;section-stretched&quot;,&quot;background_background&quot;:&quot;classic&quot;}\">\n\t\t\t\t\t\t<div class=\"elementor-container elementor-column-gap-default\">\n\t\t\t\t\t<div class=\"elementor-column elementor-col-100 elementor-top-column elementor-element elementor-element-541a80c1\" data-id=\"541a80c1\" data-element_type=\"column\">\n\t\t\t<div class=\"elementor-widget-wrap elementor-element-populated\">\n\t\t\t\t\t\t<div class=\"elementor-element elementor-element-7f0fc07 elementor-widget elementor-widget-text-editor\" data-id=\"7f0fc07\" data-element_type=\"widget\" data-widget_type=\"text-editor.default\">\n\t\t\t\t<div class=\"elementor-widget-container\">\n\t\t\t\t\t\t\t\t\t<p>SAVI GROUP. Wszystkie prawa do tre\u015bci, obraz\u00f3w zastrze\u017cone 2020r.<\/p>\t\t\t\t\t\t\t\t<\/div>\n\t\t\t\t<\/div>\n\t\t\t\t\t<\/div>\n\t\t<\/div>\n\t\t\t\t\t<\/div>\n\t\t<\/section>\n\t\t\t\t<\/div>\n\t\t","protected":false},"excerpt":{"rendered":"<p>Rozwijaj si\u0119 z SAVI GROUP Pewna forma zatrudnienia Stabilne warunki Mo\u017cliwo\u015b\u0107 rozwoju Aktualnie szukamy kandydat\u00f3w na stanowisko:&nbsp;Kosztorysant w bran\u017cy budowlanej.&nbsp; Aplikuj na&nbsp;pracuj.pl&nbsp;oraz sprawd\u017a nasz&nbsp;profil pracodawcy! SAVI GROUP to zesp\u00f3\u0142 do\u015bwiadczonych specjalist\u00f3w realizuj\u0105cych ambitne projekty w sektorze budownictwa i in\u017cynierii. W strukturach naszych sp\u00f3\u0142ek funkcjonuj\u0105 stanowiska zwi\u0105zane z zarz\u0105dzaniem projektami, in\u017cynieri\u0105, kosztorysowaniem oraz obs\u0142ug\u0105 administracyjn\u0105. W [&hellip;]<\/p>\n","protected":false},"author":3,"featured_media":0,"parent":0,"menu_order":4,"comment_status":"closed","ping_status":"closed","template":"","meta":{"footnotes":""},"class_list":["post-284","page","type-page","status-publish","hentry"],"_links":{"self":[{"href":"https:\/\/savi.com.pl\/index.php\/wp-json\/wp\/v2\/pages\/284","targetHints":{"allow":["GET"]}}],"collection":[{"href":"https:\/\/savi.com.pl\/index.php\/wp-json\/wp\/v2\/pages"}],"about":[{"href":"https:\/\/savi.com.pl\/index.php\/wp-json\/wp\/v2\/types\/page"}],"author":[{"embeddable":true,"href":"https:\/\/savi.com.pl\/index.php\/wp-json\/wp\/v2\/users\/3"}],"replies":[{"embeddable":true,"href":"https:\/\/savi.com.pl\/index.php\/wp-json\/wp\/v2\/comments?post=284"}],"version-history":[{"count":65,"href":"https:\/\/savi.com.pl\/index.php\/wp-json\/wp\/v2\/pages\/284\/revisions"}],"predecessor-version":[{"id":3135,"href":"https:\/\/savi.com.pl\/index.php\/wp-json\/wp\/v2\/pages\/284\/revisions\/3135"}],"wp:attachment":[{"href":"https:\/\/savi.com.pl\/index.php\/wp-json\/wp\/v2\/media?parent=284"}],"curies":[{"name":"wp","href":"https:\/\/api.w.org\/{rel}","templated":true}]}}