{"id":2226,"date":"2021-04-12T19:35:36","date_gmt":"2021-04-12T17:35:36","guid":{"rendered":"https:\/\/savi.com.pl\/?page_id=2226"},"modified":"2021-04-13T14:44:16","modified_gmt":"2021-04-13T12:44:16","slug":"rodo-i-polityka-prywatnosci-de","status":"publish","type":"page","link":"https:\/\/savi.com.pl\/index.php\/de\/rodo-i-polityka-prywatnosci-de\/","title":{"rendered":"Rodo i polityka prywatno\u015bci DE"},"content":{"rendered":"\t\t<div data-elementor-type=\"wp-post\" data-elementor-id=\"2226\" class=\"elementor elementor-2226\" data-elementor-post-type=\"page\">\n\t\t\t\t\t\t<section class=\"elementor-section elementor-top-section elementor-element elementor-element-ff703e3 elementor-section-boxed elementor-section-height-default elementor-section-height-default\" data-id=\"ff703e3\" data-element_type=\"section\" data-settings=\"{&quot;background_background&quot;:&quot;classic&quot;}\">\n\t\t\t\t\t\t<div class=\"elementor-container elementor-column-gap-default\">\n\t\t\t\t\t<div class=\"elementor-column elementor-col-100 elementor-top-column elementor-element elementor-element-1fa61f3a\" data-id=\"1fa61f3a\" data-element_type=\"column\">\n\t\t\t<div class=\"elementor-widget-wrap elementor-element-populated\">\n\t\t\t\t\t\t<div class=\"elementor-element elementor-element-71d8fcb1 elementor-widget elementor-widget-text-editor\" data-id=\"71d8fcb1\" data-element_type=\"widget\" data-widget_type=\"text-editor.default\">\n\t\t\t\t<div class=\"elementor-widget-container\">\n\t\t\t\t\t\t\t\t\t<p><\/p>\n<p><b>Datenschutzbestimmungen<\/b><\/p>\n<p>Wir informieren hiermit, dass die Gesellschaften der SAVI GROUP Ihre personenbezogenen Daten verarbeiten.<\/p>\n<ol>\n<li><strong> Verwalter personenbezogener Daten<\/strong><\/li>\n<\/ol>\n<p>Die Firma SAVI Sp. z o.o. mit Sitz in Oborniki \u015al\u0105skie an der Stra\u00dfe ul. Wo\u0142owska 2 ist der Verantwortliche Ihrer personenbezogenen Daten.<\/p>\n<ol start=\"2\">\n<li><strong> Mitverantwortliche der personenbezogenen Daten<\/strong><\/li>\n<\/ol>\n<p>Die folgenden Organisationen sind gemeinsam die f\u00fcr die Verarbeitung Ihrer personenbezogenen Daten Verantwortlichen:<\/p>\n<ul>\n<li>SAVI Inwestycje Sp. z o.o. mit Sitz in Oborniki \u015al\u0105skie an der Stra\u00dfe ul. Wo\u0142owska 2 \u2013 der erste Mitverantwortliche,<\/li>\n<li>SAVI Sp. z o.o. sp\u00f3\u0142ka komandytowa mit Sitz in Oborniki \u015al\u0105skie an der Stra\u00dfe ul. Wo\u0142owska 2 \u2013 der zweite Mitverantwortliche,<\/li>\n<li>SAVI Blue Sp. z o.o. mit Sitz in Oborniki \u015al\u0105skie an der Stra\u00dfe ul. Wo\u0142owska 2 \u2013 der dritte Mitverantwortliche.<\/li>\n<\/ul>\n<p>Im Folgenden werden die Gesellschaften der SAVI GROUP gemeinsam als Mitverantwortliche bezeichnet.<\/p>\n<ol start=\"3\">\n<li><strong> Gemeinsame Vereinbarungen zwischen den Mitverantwortlichen<\/strong><\/li>\n<\/ol>\n<p>Im Rahmen einer gemeinsamen Vereinbarung zwischen den Mitverantwortlichen haben wir uns auf den Umfang unserer Verantwortung f\u00fcr die Erf\u00fcllung der Aufgaben aus der DSGVO geeinigt. Insbesondere haben wir vereinbart, dass der Verantwortliche von personenbezogenen Daten:<\/p>\n<ul>\n<li>f\u00fcr die Erf\u00fcllung der Informationspflicht gegen\u00fcber Ihnen verantwortlich ist,<\/li>\n<li>f\u00fcr das Erm\u00f6glichen Ihnen, dass Sie Ihre Rechte aus\u00fcben k\u00f6nnen, verantwortlich ist.<\/li>\n<\/ul>\n<p>Unabh\u00e4ngig davon k\u00f6nnen Sie Ihre Rechte auch gegen\u00fcber den Mitverantwortlichen aus\u00fcben. In diesem Fall werden wir Ihre Anfrage an den Verantwortlichen weiterleiten, der Ihre Anfrage bearbeiten wird.<\/p>\n<ol start=\"4\">\n<li><strong> Kontaktstelle<\/strong><\/li>\n<\/ol>\n<p>Wir haben eine gemeinsame Kontaktstelle eingerichtet, an die Sie sich in Fragen des Schutzes Ihrer personenbezogenen Daten wenden k\u00f6nnen. Diese Kontaktstelle ist die unter Punkt 1 angegebene Adresse unseres Firmensitzes oder die E-Mail-Adresse <a href=\"mailto:rodo@savi.com.pl\">rodo@savi.com.pl<\/a><\/p>\n<ol start=\"5\">\n<li><strong> Ziele und Grundlagen der Verarbeitung<\/strong><\/li>\n<\/ol>\n<ul>\n<li>Zum Zwecke der Erf\u00fcllung und auf der Grundlage eines von Ihnen mit uns abgeschlossenen Vertrages (Grundlage aus Art. 6 Abs. 1 B. b DSGVO),<\/li>\n<li>F\u00fcr archivarische (Beweiszwecke) Zwecke zum Schutz der Informationen im Falle einer rechtlichen Notwendigkeit zum Nachweis der Tatsachen, was unser berechtigtes Interesse ist (Art. 6 Abs. 1 B. f DSGVO),<\/li>\n<li>Zum Zwecke einer m\u00f6glichen Feststellung, Untersuchung oder Abwehr von Anspr\u00fcchen, was unser berechtigtes Interesse ist (Grundlage aus Art. 6 Abs. 1 B. f) DSGVO).<\/li>\n<\/ul>\n<div>\u00a0<\/div>\n<ol start=\"6\">\n<li><strong> Kategorien Ihrer personenbezogenen Daten, die wir verarbeiten<\/strong><\/li>\n<\/ol>\n<p>Wir verarbeiten die folgenden Kategorien Ihrer personenbezogenen Daten:<\/p>\n<ul>\n<li>Grundlegende Identifikationsinformationen wie Vorname, Nachname, Telefonnummer, Adresse, E-Mail-Adresse,<\/li>\n<li>Identifizierungsdaten, die von Beh\u00f6rden zur Verf\u00fcgung gestellt werden,<\/li>\n<li>Finanzielle Identifikationsdaten,<\/li>\n<li>Bild,<\/li>\n<li>Vertr\u00e4ge und Vereinbarungen.<\/li>\n<\/ul>\n<div>\u00a0<\/div>\n<ol start=\"7\">\n<li><strong> Datenempf\u00e4nger<\/strong><\/li>\n<\/ol>\n<p>Wir k\u00f6nnen Ihre personenbezogenen Daten an die folgenden Kategorien von Rechtssubjekten weitergeben:<\/p>\n<ul>\n<li>Subunternehmer, d.h. Rechtssubjekte, die wir zur Verarbeitung der Daten verwenden,<\/li>\n<li>Unternehmen, die Teleinformatische Dienstleistungen und IT-Support erbringen,<\/li>\n<li>Unternehmen, die Buchhaltungsdienstleistungen erbringen,<\/li>\n<li>Unternehmen, die Rechtsdienstleistungen erbringen,<\/li>\n<li>Unternehmen, die Verwaltungsdienstleistungen erbringen,<\/li>\n<li>Andere unabh\u00e4ngige Empf\u00e4nger, z.B. den Rechtssubjekten der SAVI GROUP.<\/li>\n<\/ul>\n<div>\u00a0<\/div>\n<ol start=\"8\">\n<li><strong> Datenaufbewahrungszeit<\/strong><\/li>\n<\/ol>\n<p>Wir verarbeiten Ihre im Zusammenhang mit dem abgeschlossenen Vertrag erhobenen personenbezogenen Daten bis zum Ende der Verj\u00e4hrungsfrist f\u00fcr etwaige Anspr\u00fcche aus dem Vertrag.<\/p>\n<ol start=\"9\">\n<li><strong> Rechte:<\/strong><\/li>\n<\/ol>\n<p>Ihnen stehen folgende Rechte zu:<\/p>\n<ul>\n<li>Recht, auf Ihre personenbezogenen Daten zuzugreifen und eine Kopie davon zu erhalten,<\/li>\n<li>Recht auf Berichtigung (Korrektur) der personenbezogenen Daten,<\/li>\n<li>Recht auf L\u00f6schung personenbezogener Daten (wenn Ihrer Meinung nach kein Grund f\u00fcr die Verarbeitung Ihrer personenbezogenen Daten besteht, k\u00f6nnen Sie deren L\u00f6schung verlangen,)<\/li>\n<\/ul>\n<ul>\n<li>Recht auf Einschr\u00e4nkung der Verarbeitung personenbezogener Daten (Sie k\u00f6nnen verlangen, dass wir die Verarbeitung Ihrer personenbezogenen Daten nur auf die Speicherung oder Durchf\u00fchrung von mit Ihnen vereinbarten Aktivit\u00e4ten beschr\u00e4nken; wenn wir Ihrer Meinung nach falsche personenbezogene Daten haben oder diese ungerechtfertigt verarbeiten; oder Sie m\u00f6chten nicht, dass wir sie l\u00f6schen, weil Sie diese ben\u00f6tigen, um Ihre Anspr\u00fcche festzustellen, geltend zu machen oder zu verteidigen; oder f\u00fcr die Dauer Ihres Widerspruchs gegen die Verarbeitung Ihrer personenbezogenen Daten),<\/li>\n<li>Recht auf Widerspruch gegen die Verarbeitung von Daten:<\/li>\n<li>\u201eMarketing\u201c-Einwand \u2013 Sie haben das Recht, der Verarbeitung Ihrer personenbezogenen Daten zum Zwecke des Direktmarketings zu widersprechen; wenn Sie dieses Recht aus\u00fcben, werden wir die Verarbeitung Ihrer Daten zu diesem Zweck einstellen.<\/li>\n<li>Widerspruch aufgrund einer Sondersituation \u2013 Sie haben auch das Recht, der Verarbeitung Ihrer personenbezogenen Daten aufgrund eines berechtigten Interesses f\u00fcr andere Zwecke als das Direktmarketing zu widersprechen; Sie sollten uns dann die Sondersituation mitteilen, die Ihrer Meinung nach unsere Einstellung der mit dem Wiederspruch umfassten Verarbeitung rechtfertigt; wir werden die Verarbeitung Ihrer personenbezogenen Daten f\u00fcr diese Zwecke einstellen, es sei denn, wir weisen nach, dass die Gr\u00fcnde f\u00fcr die Verarbeitung Ihrer personenbezogenen Daten durch uns \u00fcbergeordnet bez\u00fcglich Ihrer Rechte sind oder dass Ihre personenbezogenen Daten f\u00fcr uns f\u00fcr die Feststellung, Geltendmachung oder Verteidigung der Anspr\u00fcche erforderlich sind.<\/li>\n<li>Recht auf Daten\u00fcbermittlung \u2013 Sie haben das Recht, von uns in einem strukturierten, allgemein gebr\u00e4uchlichen maschinenlesbaren Format (\u201ecsv\u201c-Format) personenbezogene Daten \u00fcber Sie zu erhalten, die Sie uns aufgrund eines Vertrages oder Ihrer Zustimmung zur Verf\u00fcgung gestellt haben. Sie k\u00f6nnen uns auch mit der \u00dcbermittlung dieser personenbezogenen Daten direkt an ein anderes Rechtssubjekt beauftragen.<\/li>\n<li>Recht, eine Beschwerde bei der Aufsichtsbeh\u00f6rde einzureichen. Wenn Sie glauben, dass wir Ihre personenbezogenen Daten rechtswidrig verarbeiten, k\u00f6nnen Sie eine Beschwerde beim Pr\u00e4sidenten des Amtes zum Schutz personenbezogener Daten oder einer anderen zust\u00e4ndigen Aufsichtsbeh\u00f6rde einreichen.<\/li>\n<li>Recht, die Zustimmung zur Verarbeitung personenbezogener Daten zu widerrufen. Sie haben jederzeit das Recht, Ihre Einwilligung zur Verarbeitung personenbezogener Daten, die wir aufgrund Ihrer Einwilligung verarbeiten, zu widerrufen. Der Widerruf der Einwilligung hat keinen Einfluss auf die Rechtm\u00e4\u00dfigkeit der Verarbeitung, die auf der Grundlage Ihrer Einwilligung vor dem Widerruf erfolgte.<\/li>\n<\/ul>\n<div>\u00a0<\/div>\n<ol start=\"10\">\n<li><strong> Information \u00fcber die Anforderung der Datenangabe<\/strong><\/li>\n<\/ol>\n<p>Die Angabe durch Sie der personenbezogenen Daten ist:<\/p>\n<ul>\n<li>eine gesetzliche Anforderung,<\/li>\n<li>eine Anforderung zum Vertragsabschluss.<\/li>\n<\/ul>\n<p><\/p>\t\t\t\t\t\t\t\t<\/div>\n\t\t\t\t<\/div>\n\t\t\t\t\t<\/div>\n\t\t<\/div>\n\t\t\t\t\t<\/div>\n\t\t<\/section>\n\t\t\t\t<\/div>\n\t\t","protected":false},"excerpt":{"rendered":"<p>Datenschutzbestimmungen Wir informieren hiermit, dass die Gesellschaften der SAVI GROUP Ihre personenbezogenen Daten verarbeiten. Verwalter personenbezogener Daten Die Firma SAVI Sp. z o.o. mit Sitz in Oborniki \u015al\u0105skie an der Stra\u00dfe ul. Wo\u0142owska 2 ist der Verantwortliche Ihrer personenbezogenen Daten. Mitverantwortliche der personenbezogenen Daten Die folgenden Organisationen sind gemeinsam die f\u00fcr die Verarbeitung Ihrer personenbezogenen [&hellip;]<\/p>\n","protected":false},"author":975900,"featured_media":0,"parent":0,"menu_order":0,"comment_status":"closed","ping_status":"closed","template":"","meta":{"footnotes":""},"class_list":["post-2226","page","type-page","status-publish","hentry"],"_links":{"self":[{"href":"https:\/\/savi.com.pl\/index.php\/wp-json\/wp\/v2\/pages\/2226","targetHints":{"allow":["GET"]}}],"collection":[{"href":"https:\/\/savi.com.pl\/index.php\/wp-json\/wp\/v2\/pages"}],"about":[{"href":"https:\/\/savi.com.pl\/index.php\/wp-json\/wp\/v2\/types\/page"}],"author":[{"embeddable":true,"href":"https:\/\/savi.com.pl\/index.php\/wp-json\/wp\/v2\/users\/975900"}],"replies":[{"embeddable":true,"href":"https:\/\/savi.com.pl\/index.php\/wp-json\/wp\/v2\/comments?post=2226"}],"version-history":[{"count":19,"href":"https:\/\/savi.com.pl\/index.php\/wp-json\/wp\/v2\/pages\/2226\/revisions"}],"predecessor-version":[{"id":2350,"href":"https:\/\/savi.com.pl\/index.php\/wp-json\/wp\/v2\/pages\/2226\/revisions\/2350"}],"wp:attachment":[{"href":"https:\/\/savi.com.pl\/index.php\/wp-json\/wp\/v2\/media?parent=2226"}],"curies":[{"name":"wp","href":"https:\/\/api.w.org\/{rel}","templated":true}]}}