{"id":1757,"date":"2021-03-28T22:56:18","date_gmt":"2021-03-28T20:56:18","guid":{"rendered":"http:\/\/savi.com.pl\/?page_id=1757"},"modified":"2021-04-07T12:09:05","modified_gmt":"2021-04-07T10:09:05","slug":"finansowanie-de","status":"publish","type":"page","link":"https:\/\/savi.com.pl\/index.php\/de\/finansowanie-de\/","title":{"rendered":"Finansowanie DE"},"content":{"rendered":"\t\t<div data-elementor-type=\"wp-page\" data-elementor-id=\"1757\" class=\"elementor elementor-1757\" data-elementor-post-type=\"page\">\n\t\t\t\t\t\t<section class=\"elementor-section elementor-top-section elementor-element elementor-element-387c2cc elementor-section-boxed elementor-section-height-default elementor-section-height-default\" data-id=\"387c2cc\" data-element_type=\"section\">\n\t\t\t\t\t\t<div class=\"elementor-container elementor-column-gap-default\">\n\t\t\t\t\t<div class=\"elementor-column elementor-col-100 elementor-top-column elementor-element elementor-element-21e280c\" data-id=\"21e280c\" data-element_type=\"column\">\n\t\t\t<div class=\"elementor-widget-wrap elementor-element-populated\">\n\t\t\t\t\t\t<div class=\"elementor-element elementor-element-38217c4 elementor-widget elementor-widget-text-editor\" data-id=\"38217c4\" data-element_type=\"widget\" data-widget_type=\"text-editor.default\">\n\t\t\t\t<div class=\"elementor-widget-container\">\n\t\t\t\t\t\t\t\t\t<p>Hiermit informieren wir, dass Unternehmen der SAVI GROUP im Rahmen der Ma\u00dfnahme 3.4 Betriebsmittelzusch\u00fcsse des vom Europ\u00e4ischen Fonds f\u00fcr Regionale Entwicklung kofinanzierten Operationellen Programms Intelligente Entwicklung 2014-2020 im Jahr 2020 eine Kofinanzierung in Form eines Betriebsmittelzuschusses erhalten haben.<\/p><p><span style=\"font-family: var( --e-global-typography-text-font-family ), Chivo; font-size: 1rem; font-weight: var( --e-global-typography-text-font-weight );\">Der Kofinanzierungswert f\u00fcr Savi Sp. z o.o. betrug 74.976,00 PLN.<\/span><\/p><p>Der Kofinanzierungswert f\u00fcr Savi Sp\u00f3\u0142ka z ograniczon\u0105 odpowiedzialno\u015bci\u0105 Sp. K. betrug 32.465,55 PLN.<\/p><p>Der Kofinanzierungswert f\u00fcr Savi Blue Sp. z o.o. betrug 45.054,96 PLN.<\/p>\t\t\t\t\t\t\t\t<\/div>\n\t\t\t\t<\/div>\n\t\t\t\t\t<\/div>\n\t\t<\/div>\n\t\t\t\t\t<\/div>\n\t\t<\/section>\n\t\t\t\t<\/div>\n\t\t","protected":false},"excerpt":{"rendered":"<p>Hiermit informieren wir, dass Unternehmen der SAVI GROUP im Rahmen der Ma\u00dfnahme 3.4 Betriebsmittelzusch\u00fcsse des vom Europ\u00e4ischen Fonds f\u00fcr Regionale Entwicklung kofinanzierten Operationellen Programms Intelligente Entwicklung 2014-2020 im Jahr 2020 eine Kofinanzierung in Form eines Betriebsmittelzuschusses erhalten haben. Der Kofinanzierungswert f\u00fcr Savi Sp. z o.o. betrug 74.976,00 PLN. Der Kofinanzierungswert f\u00fcr Savi Sp\u00f3\u0142ka z ograniczon\u0105 [&hellip;]<\/p>\n","protected":false},"author":975900,"featured_media":0,"parent":0,"menu_order":0,"comment_status":"closed","ping_status":"closed","template":"","meta":{"footnotes":""},"class_list":["post-1757","page","type-page","status-publish","hentry"],"_links":{"self":[{"href":"https:\/\/savi.com.pl\/index.php\/wp-json\/wp\/v2\/pages\/1757","targetHints":{"allow":["GET"]}}],"collection":[{"href":"https:\/\/savi.com.pl\/index.php\/wp-json\/wp\/v2\/pages"}],"about":[{"href":"https:\/\/savi.com.pl\/index.php\/wp-json\/wp\/v2\/types\/page"}],"author":[{"embeddable":true,"href":"https:\/\/savi.com.pl\/index.php\/wp-json\/wp\/v2\/users\/975900"}],"replies":[{"embeddable":true,"href":"https:\/\/savi.com.pl\/index.php\/wp-json\/wp\/v2\/comments?post=1757"}],"version-history":[{"count":4,"href":"https:\/\/savi.com.pl\/index.php\/wp-json\/wp\/v2\/pages\/1757\/revisions"}],"predecessor-version":[{"id":2040,"href":"https:\/\/savi.com.pl\/index.php\/wp-json\/wp\/v2\/pages\/1757\/revisions\/2040"}],"wp:attachment":[{"href":"https:\/\/savi.com.pl\/index.php\/wp-json\/wp\/v2\/media?parent=1757"}],"curies":[{"name":"wp","href":"https:\/\/api.w.org\/{rel}","templated":true}]}}